{"id":39,"date":"2026-01-28T21:05:19","date_gmt":"2026-01-28T21:05:19","guid":{"rendered":"https:\/\/tousabloc-medias.fr\/?page_id=39"},"modified":"2026-03-22T11:51:17","modified_gmt":"2026-03-22T11:51:17","slug":"contact","status":"publish","type":"page","link":"https:\/\/tousabloc-medias.fr\/index.php\/contact\/","title":{"rendered":"Contact"},"content":{"rendered":"<div class=\"et_pb_section_0 et_pb_section et_section_regular et_block_section\">\n<div class=\"et_pb_row_0 et_pb_row et_block_row\">\n<div class=\"et_pb_column_0 et_pb_column et_pb_column_4_4 et-last-child et_block_column et_pb_css_mix_blend_mode_passthrough\">\n<div class=\"et_pb_heading_0 et_pb_heading et_pb_module et_block_module preset--module--divi-heading--1bf9230d-7495-4141-b7a8-b5f0fac2c95b\"><div class=\"et_pb_heading_container\"><h1 class=\"et_pb_module_header\">Contactez-nous<\/h1><\/div><\/div>\n\n<div class=\"et_pb_text_0 et_pb_text et_pb_bg_layout_light et_pb_module et_block_module et_pb_text_align_center preset--module--divi-text--7467d508-8d80-43ee-b533-9d51832aaf4f\"><div class=\"et_pb_text_inner\"><p>Chez TOUSABLOC-MEDIAS, nous croyons que chaque id\u00e9e m\u00e9rite d'\u00eatre transform\u00e9e en r\u00e9alit\u00e9. Notre \u00e9quipe passionn\u00e9e est pr\u00eate \u00e0 vous accompagner \u00e0 chaque \u00e9tape de votre projet, que ce soit pour la cr\u00e9ation d'un site web captivant, la conception d'impressions 3D innovantes ou la r\u00e9alisation de gravures laser uniques. Ensemble, donnons vie \u00e0 vos ambitions et faisons de votre vision une \u0153uvre tangible. N'h\u00e9sitez pas \u00e0 nous faire part de vos id\u00e9es, m\u00eame les plus audacieuses, et voyons comment nous pouvons les concr\u00e9tiser ensemble. Votre succ\u00e8s est notre priorit\u00e9.<\/p>\n<\/div><\/div>\n<\/div>\n<\/div>\n\n<div class=\"et_pb_row_1 et_pb_row et_flex_row\">\n<div class=\"et_pb_column_1 et_pb_column et_flex_column et_pb_css_mix_blend_mode_passthrough et_flex_column_12_24 et_flex_column_12_24_tablet et_flex_column_24_24_phone\">\n<div class=\"et_pb_text_1 et_pb_text et_pb_bg_layout_light et_pb_module et_block_module et_pb_text_align_center preset--module--divi-text--7467d508-8d80-43ee-b533-9d51832aaf4f\"><div class=\"et_pb_text_inner\"><p>+33 6 00 00 00 00<\/p>\n<\/div><\/div>\n<\/div>\n\n<div class=\"et_pb_column_2 et_pb_column et-last-child et_flex_column et_pb_css_mix_blend_mode_passthrough et_flex_column_12_24 et_flex_column_12_24_tablet et_flex_column_24_24_phone\">\n<div class=\"et_pb_heading_1 et_pb_heading et_pb_module et_block_module preset--module--divi-heading--ece2dc0c-53af-4efa-8b21-7d94b7c037fd\"><div class=\"et_pb_heading_container\"><h5 class=\"et_pb_module_header\">Email<\/h5><\/div><\/div>\n\n<div class=\"et_pb_text_2 et_pb_text et_pb_bg_layout_light et_pb_module et_block_module et_pb_text_align_center preset--module--divi-text--7467d508-8d80-43ee-b533-9d51832aaf4f\"><div class=\"et_pb_text_inner\"><p><a href=\"mailto:contact@tousabloc-medias\">contact @ tousabloc-medias. fr<\/a><\/p>\n<\/div><\/div>\n<\/div>\n<\/div>\n\n<div class=\"et_pb_row_2 et_pb_row et_flex_row\">\n<div class=\"et_pb_column_3 et_pb_column et_flex_column et_pb_css_mix_blend_mode_passthrough et_flex_column_8_24 et_flex_column_8_24_tablet et_flex_column_24_24_phone\">\n<div class=\"et_pb_heading_2 et_pb_heading et_pb_module et_block_module preset--module--divi-heading--ece2dc0c-53af-4efa-8b21-7d94b7c037fd\"><div class=\"et_pb_heading_container\"><h5 class=\"et_pb_module_header\">TOUSABLOC-MEDIAS<\/h5><\/div><\/div>\n\n<div class=\"et_pb_heading_3 et_pb_heading et_pb_module et_block_module preset--module--divi-heading--ece2dc0c-53af-4efa-8b21-7d94b7c037fd\"><div class=\"et_pb_heading_container\"><h5 class=\"et_pb_module_header\">Siret : 800 902 447 00013<\/h5><\/div><\/div>\n\n<div class=\"et_pb_heading_4 et_pb_heading et_pb_module et_block_module preset--module--divi-heading--ece2dc0c-53af-4efa-8b21-7d94b7c037fd\"><div class=\"et_pb_heading_container\"><h5 class=\"et_pb_module_header\">N\u00b0 de TVA intracommunautaire : FR 87800902447<\/h5><\/div><\/div>\n\n<div class=\"et_pb_heading_5 et_pb_heading et_pb_module et_block_module preset--module--divi-heading--ece2dc0c-53af-4efa-8b21-7d94b7c037fd\"><div class=\"et_pb_heading_container\"><h5 class=\"et_pb_module_header\">N\u00b0 d\u00e9claration CNIL : 1753048v0 du 25-03-2014<\/h5><\/div><\/div>\n\n<div class=\"et_pb_heading_6 et_pb_heading et_pb_module et_block_module preset--module--divi-heading--ece2dc0c-53af-4efa-8b21-7d94b7c037fd\"><div class=\"et_pb_heading_container\"><h5 class=\"et_pb_module_header\">06440 - L'Escar\u00e8ne<\/h5><\/div><\/div>\n\n<div class=\"et_pb_heading_7 et_pb_heading et_pb_module et_block_module preset--module--divi-heading--ece2dc0c-53af-4efa-8b21-7d94b7c037fd\"><div class=\"et_pb_heading_container\"><h5 class=\"et_pb_module_header\">contact@tousabloc-medias .fr<\/h5><\/div><\/div>\n\n<div class=\"et_pb_heading_8 et_pb_heading et_pb_module et_block_module preset--module--divi-heading--ece2dc0c-53af-4efa-8b21-7d94b7c037fd\"><div class=\"et_pb_heading_container\"><h5 class=\"et_pb_module_header\">@tousabloc-medias<\/h5><\/div><\/div>\n<\/div>\n\n<div class=\"et_pb_column_4 et_pb_column et-last-child et_flex_column et_pb_css_mix_blend_mode_passthrough et_flex_column_16_24 et_flex_column_16_24_tablet et_flex_column_24_24_phone\">\n<div class=\"et_pb_contact_form_0 et_pb_contact_form_container clearfix et_pb_module et_flex_module preset--module--divi-contact-form--87c7bfa0-49e1-4893-88a1-6bf55a9f6c7b\" data-form_unique_num=\"0\" data-form_unique_id=\"7d3f7312-daf8-4e83-9286-090e80bdc079\" id=\"et_pb_contact_form_7d3f7312-daf8-4e83-9286-090e80bdc079\"><div class=\"et-pb-contact-message\"><\/div><div class=\"et_pb_contact\"><form class=\"et_pb_contact_form et_flex_module\" method=\"post\" action=\"https:\/\/tousabloc-medias.fr\/index.php\/wp-json\/wp\/v2\/pages\/39\">\n<div class=\"et_pb_contact_field_0 et_pb_contact_field et_pb_module et_flex_module et_flex_column_12_24 et_flex_column_12_24_tablet et_flex_column_12_24_phone\" data-id=\"soci\u00e9t\u00e9\" data-type=\"input\"><label class=\"et_pb_contact_form_label\" for=\"et_pb_contact_0_soci\u00e9t\u00e9_0\">Soci\u00e9t\u00e9<\/label><input type=\"text\" name=\"et_pb_contact_0_soci\u00e9t\u00e9_0\" id=\"et_pb_contact_0_soci\u00e9t\u00e9_0\" class=\"input\" data-required_mark=\"not_required\" data-field_type=\"input\" data-original_id=\"soci\u00e9t\u00e9\" placeholder=\"Soci\u00e9t\u00e9\" title=\"\" value=\"\" \/><\/div>\n\n<div class=\"et_pb_contact_field_1 et_pb_contact_field et_pb_module et_flex_module et_flex_column_12_24 et_flex_column_12_24_tablet et_flex_column_12_24_phone\" data-id=\"email\" data-type=\"email\"><label class=\"et_pb_contact_form_label\" for=\"et_pb_contact_0_email_1\">Email<\/label><input type=\"text\" name=\"et_pb_contact_0_email_1\" id=\"et_pb_contact_0_email_1\" class=\"input\" data-required_mark=\"required\" data-field_type=\"email\" data-original_id=\"email\" placeholder=\"Email\" title=\"\" value=\"\" \/><\/div>\n\n<div class=\"et_pb_contact_field_2 et_pb_contact_field et_pb_module et_flex_module et_flex_column_12_24 et_flex_column_12_24_tablet et_flex_column_12_24_phone\" data-id=\"nom\" data-type=\"input\"><label class=\"et_pb_contact_form_label\" for=\"et_pb_contact_0_nom_2\">Nom<\/label><input type=\"text\" name=\"et_pb_contact_0_nom_2\" id=\"et_pb_contact_0_nom_2\" class=\"input\" data-required_mark=\"required\" data-field_type=\"input\" data-original_id=\"nom\" placeholder=\"Nom\" title=\"\" value=\"\" \/><\/div>\n\n<div class=\"et_pb_contact_field_3 et_pb_contact_field et_pb_module et_flex_module et_flex_column_12_24 et_flex_column_12_24_tablet et_flex_column_12_24_phone\" data-id=\"name_3\" data-type=\"input\"><label class=\"et_pb_contact_form_label\" for=\"et_pb_contact_0_name_3_3\">Pr\u00e9nom<\/label><input type=\"text\" name=\"et_pb_contact_0_name_3_3\" id=\"et_pb_contact_0_name_3_3\" class=\"input\" data-required_mark=\"required\" data-field_type=\"input\" data-original_id=\"name_3\" placeholder=\"Pr\u00e9nom\" title=\"\" value=\"\" \/><\/div>\n\n<div class=\"et_pb_contact_field_4 et_pb_contact_field et_pb_module et_flex_module et_flex_column_12_24 et_flex_column_12_24_tablet et_flex_column_12_24_phone\" data-id=\"name_3_2\" data-type=\"select\"><label class=\"et_pb_contact_form_label\" for=\"et_pb_contact_0_name_3_2_4\">Objet de votre demande<\/label><select name=\"et_pb_contact_0_name_3_2_4\" id=\"et_pb_contact_0_name_3_2_4\" class=\"et_pb_contact_select input\" data-required_mark=\"required\" data-field_type=\"select\" data-original_id=\"name_3_2\"><option value=\"\">Objet de votre demande<\/option><option value=\"Web\" data-id=\"\">Web<\/option><option value=\"Imprimerie\" data-id=\"\">Imprimerie<\/option><option value=\"Adh\u00e9sifs\" data-id=\"\">Adh\u00e9sifs<\/option><option value=\"Impression 3D FDM\" data-id=\"\">Impression 3D FDM<\/option><option value=\"Gravure laser\" data-id=\"\">Gravure laser<\/option><option value=\"Photo &amp; vid\u00e9o 360\u00b0\" data-id=\"\">Photo &amp; vid\u00e9o 360\u00b0<\/option><option value=\"Autre demande\" data-id=\"\">Autre demande<\/option><\/select><\/div>\n\n<div class=\"et_pb_contact_field_5 et_pb_contact_field et_pb_module et_flex_module et_flex_column_24_24 et_flex_column_24_24_tablet et_flex_column_24_24_phone\" data-id=\"message\" data-type=\"text\"><label class=\"et_pb_contact_form_label\" for=\"et_pb_contact_0_message_5\">Message<\/label><textarea name=\"et_pb_contact_0_message_5\" id=\"et_pb_contact_0_message_5\" class=\"et_pb_contact_message input\" data-required_mark=\"required\" data-field_type=\"text\" data-original_id=\"message\" placeholder=\"Message\"><\/textarea><\/div>\n\n<div class=\"et_pb_contact_field_6 et_pb_contact_field et_pb_module et_flex_module et_flex_column_24_24 et_flex_column_24_24_tablet et_flex_column_24_24_phone\" data-id=\"politiquedeconfid\" data-type=\"checkbox\"><input type=\"hidden\" name=\"et_pb_contact_0_politiquedeconfid_6\" class=\"et_pb_checkbox_handle\" data-required_mark=\"required\" data-field_type=\"checkbox\" data-original_id=\"politiquedeconfid\" \/><span class=\"et_pb_contact_field_options_wrapper\"><span class=\"et_pb_contact_field_options_title\"><\/span><span class=\"et_pb_contact_field_options_list\"><span class=\"et_pb_contact_field_checkbox\"><input type=\"checkbox\" id=\"et_pb_contact_0_politiquedeconfid_6_0\" class=\"input\" value=\"J&#039;ai lu et accepte la politique de confidentialit\u00e9 de ce site.\" data-required_mark=\"required\" data-field_type=\"checkbox\" data-original_id=\"politiquedeconfid\" \/><label for=\"et_pb_contact_0_politiquedeconfid_6_0\"><i><\/i>J'ai lu et accepte la politique de confidentialit\u00e9 de ce site.<\/label><\/span><\/span><\/span><\/div>\n<input type=\"hidden\" name=\"et_pb_contactform_submit_7d3f7312-daf8-4e83-9286-090e80bdc079\" value=\"et_contact_proccess\" \/><div class=\"et_contact_bottom_container\"><div class=\"et_pb_contact_right et_pb_contact_field\"><p class=\"clearfix\"><span class=\"et_pb_contact_captcha_question\">11 + 7<\/span> = <input type=\"text\" size=\"2\" class=\"input et_pb_contact_captcha\" data-first_digit=\"11\" data-second_digit=\"7\" data-required_mark=\"required\" name=\"et_pb_contact_captcha_7d3f7312-daf8-4e83-9286-090e80bdc079\" autocomplete=\"off\" \/><\/p><\/div><div class=\"et_pb_button_wrapper\"><button type=\"submit\" name=\"et_builder_submit_button\" class=\"et_pb_button et_pb_contact_submit\">ENVOYER<\/button><\/div><\/div><input type=\"hidden\" id=\"_wpnonce-et-pb-contact-form-submitted-7d3f7312-daf8-4e83-9286-090e80bdc079\" name=\"_wpnonce-et-pb-contact-form-submitted-7d3f7312-daf8-4e83-9286-090e80bdc079\" value=\"f98c1d6220\" \/><input type=\"hidden\" name=\"_wp_http_referer\" value=\"\/index.php\/wp-json\/wp\/v2\/pages\/39\" \/><\/form><\/div><\/div>\n<\/div>\n<\/div>\n<\/div>","protected":false},"excerpt":{"rendered":"","protected":false},"author":1,"featured_media":0,"parent":0,"menu_order":0,"comment_status":"closed","ping_status":"closed","template":"","meta":{"footnotes":""},"class_list":["post-39","page","type-page","status-publish","hentry"],"yoast_head":"<!-- This site is optimized with the Yoast SEO plugin v27.4 - https:\/\/yoast.com\/product\/yoast-seo-wordpress\/ -->\n<title>Contact - TOUSABLOC-MEDIAS<\/title>\n<meta name=\"robots\" content=\"index, follow, max-snippet:-1, max-image-preview:large, max-video-preview:-1\" \/>\n<link rel=\"canonical\" href=\"https:\/\/tousabloc-medias.fr\/index.php\/contact\/\" \/>\n<meta property=\"og:locale\" content=\"fr_FR\" \/>\n<meta property=\"og:type\" content=\"article\" \/>\n<meta property=\"og:title\" content=\"Contact - TOUSABLOC-MEDIAS\" \/>\n<meta property=\"og:url\" content=\"https:\/\/tousabloc-medias.fr\/index.php\/contact\/\" \/>\n<meta property=\"og:site_name\" content=\"TOUSABLOC-MEDIAS\" \/>\n<meta property=\"article:modified_time\" content=\"2026-03-22T11:51:17+00:00\" \/>\n<meta name=\"twitter:card\" content=\"summary_large_image\" \/>\n<script type=\"application\/ld+json\" class=\"yoast-schema-graph\">{\"@context\":\"https:\\\/\\\/schema.org\",\"@graph\":[{\"@type\":\"WebPage\",\"@id\":\"https:\\\/\\\/tousabloc-medias.fr\\\/index.php\\\/contact\\\/\",\"url\":\"https:\\\/\\\/tousabloc-medias.fr\\\/index.php\\\/contact\\\/\",\"name\":\"Contact - TOUSABLOC-MEDIAS\",\"isPartOf\":{\"@id\":\"https:\\\/\\\/tousabloc-medias.fr\\\/#website\"},\"datePublished\":\"2026-01-28T21:05:19+00:00\",\"dateModified\":\"2026-03-22T11:51:17+00:00\",\"breadcrumb\":{\"@id\":\"https:\\\/\\\/tousabloc-medias.fr\\\/index.php\\\/contact\\\/#breadcrumb\"},\"inLanguage\":\"fr-FR\",\"potentialAction\":[{\"@type\":\"ReadAction\",\"target\":[\"https:\\\/\\\/tousabloc-medias.fr\\\/index.php\\\/contact\\\/\"]}]},{\"@type\":\"BreadcrumbList\",\"@id\":\"https:\\\/\\\/tousabloc-medias.fr\\\/index.php\\\/contact\\\/#breadcrumb\",\"itemListElement\":[{\"@type\":\"ListItem\",\"position\":1,\"name\":\"Accueil\",\"item\":\"https:\\\/\\\/tousabloc-medias.fr\\\/\"},{\"@type\":\"ListItem\",\"position\":2,\"name\":\"Contact\"}]},{\"@type\":\"WebSite\",\"@id\":\"https:\\\/\\\/tousabloc-medias.fr\\\/#website\",\"url\":\"https:\\\/\\\/tousabloc-medias.fr\\\/\",\"name\":\"TOUSABLOC-MEDIAS\",\"description\":\"Agence Web, Print, Mod\u00e9lisation et impression 3D, gravure laser\",\"potentialAction\":[{\"@type\":\"SearchAction\",\"target\":{\"@type\":\"EntryPoint\",\"urlTemplate\":\"https:\\\/\\\/tousabloc-medias.fr\\\/?s={search_term_string}\"},\"query-input\":{\"@type\":\"PropertyValueSpecification\",\"valueRequired\":true,\"valueName\":\"search_term_string\"}}],\"inLanguage\":\"fr-FR\"}]}<\/script>\n<!-- \/ Yoast SEO plugin. -->","yoast_head_json":{"title":"Contact - TOUSABLOC-MEDIAS","robots":{"index":"index","follow":"follow","max-snippet":"max-snippet:-1","max-image-preview":"max-image-preview:large","max-video-preview":"max-video-preview:-1"},"canonical":"https:\/\/tousabloc-medias.fr\/index.php\/contact\/","og_locale":"fr_FR","og_type":"article","og_title":"Contact - TOUSABLOC-MEDIAS","og_url":"https:\/\/tousabloc-medias.fr\/index.php\/contact\/","og_site_name":"TOUSABLOC-MEDIAS","article_modified_time":"2026-03-22T11:51:17+00:00","twitter_card":"summary_large_image","schema":{"@context":"https:\/\/schema.org","@graph":[{"@type":"WebPage","@id":"https:\/\/tousabloc-medias.fr\/index.php\/contact\/","url":"https:\/\/tousabloc-medias.fr\/index.php\/contact\/","name":"Contact - TOUSABLOC-MEDIAS","isPartOf":{"@id":"https:\/\/tousabloc-medias.fr\/#website"},"datePublished":"2026-01-28T21:05:19+00:00","dateModified":"2026-03-22T11:51:17+00:00","breadcrumb":{"@id":"https:\/\/tousabloc-medias.fr\/index.php\/contact\/#breadcrumb"},"inLanguage":"fr-FR","potentialAction":[{"@type":"ReadAction","target":["https:\/\/tousabloc-medias.fr\/index.php\/contact\/"]}]},{"@type":"BreadcrumbList","@id":"https:\/\/tousabloc-medias.fr\/index.php\/contact\/#breadcrumb","itemListElement":[{"@type":"ListItem","position":1,"name":"Accueil","item":"https:\/\/tousabloc-medias.fr\/"},{"@type":"ListItem","position":2,"name":"Contact"}]},{"@type":"WebSite","@id":"https:\/\/tousabloc-medias.fr\/#website","url":"https:\/\/tousabloc-medias.fr\/","name":"TOUSABLOC-MEDIAS","description":"Agence Web, Print, Mod\u00e9lisation et impression 3D, gravure laser","potentialAction":[{"@type":"SearchAction","target":{"@type":"EntryPoint","urlTemplate":"https:\/\/tousabloc-medias.fr\/?s={search_term_string}"},"query-input":{"@type":"PropertyValueSpecification","valueRequired":true,"valueName":"search_term_string"}}],"inLanguage":"fr-FR"}]}},"_links":{"self":[{"href":"https:\/\/tousabloc-medias.fr\/index.php\/wp-json\/wp\/v2\/pages\/39","targetHints":{"allow":["GET"]}}],"collection":[{"href":"https:\/\/tousabloc-medias.fr\/index.php\/wp-json\/wp\/v2\/pages"}],"about":[{"href":"https:\/\/tousabloc-medias.fr\/index.php\/wp-json\/wp\/v2\/types\/page"}],"author":[{"embeddable":true,"href":"https:\/\/tousabloc-medias.fr\/index.php\/wp-json\/wp\/v2\/users\/1"}],"replies":[{"embeddable":true,"href":"https:\/\/tousabloc-medias.fr\/index.php\/wp-json\/wp\/v2\/comments?post=39"}],"version-history":[{"count":19,"href":"https:\/\/tousabloc-medias.fr\/index.php\/wp-json\/wp\/v2\/pages\/39\/revisions"}],"predecessor-version":[{"id":381,"href":"https:\/\/tousabloc-medias.fr\/index.php\/wp-json\/wp\/v2\/pages\/39\/revisions\/381"}],"wp:attachment":[{"href":"https:\/\/tousabloc-medias.fr\/index.php\/wp-json\/wp\/v2\/media?parent=39"}],"curies":[{"name":"wp","href":"https:\/\/api.w.org\/{rel}","templated":true}]}}